{"id":30158,"date":"2006-12-31T23:59:29","date_gmt":"2006-12-31T22:59:29","guid":{"rendered":"https:\/\/joubjoub.fr\/?page_id=30158"},"modified":"2023-06-25T21:29:24","modified_gmt":"2023-06-25T19:29:24","slug":"edition-2006","status":"publish","type":"page","link":"https:\/\/joubjoub.fr\/1001films\/edition-2006\/","title":{"rendered":"\u00c9dition 2006"},"content":{"rendered":"<table style=\"border-collapse: collapse; width: 100%;\">\n<tbody>\n<tr>\n<td style=\"text-align: left; vertical-align: top;\">Liste des <strong>13<\/strong>\u00a0nouveaux films qui font leur entr\u00e9e dans cette nouvelle \u00e9dition :<\/p>\n<ol>\n<li><a href=\".\/the-big-lebowski\/\">The Big Lebowski <\/a><\/li>\n<li><a href=\".\/bus-174\/\">Bus 174<\/a><\/li>\n<li><a href=\".\/nos-meilleures-annees\/\">Nos meilleures ann\u00e9es<\/a><\/li>\n<li><a href=\".\/lost-in-translation\/\">Lost in Translation<\/a><\/li>\n<li><a href=\".\/sideways\/\">Sideways<\/a><\/li>\n<li><a href=\".\/un-long-dimanche-de-fiancailles\/\">Un long dimanche de fian\u00e7ailles<\/a><\/li>\n<li><a href=\".\/mon-nom-est-tsotsi\/\">Mon nom est Tsotsi<\/a><\/li>\n<li><a href=\".\/le-secret-de-brokeback-mountain\/\">Le secret de Brokeback Mountain<\/a><\/li>\n<li><a href=\".\/va-vis-et-deviens\/\">Va, vis et deviens<\/a><\/li>\n<li><a href=\".\/paradise-now\/\">Paradise Now<\/a><\/li>\n<li><a href=\".\/cache\/\">Cach\u00e9<\/a><\/li>\n<li><a href=\".\/the-constant-gardener\/\">The Constant Gardener<\/a><\/li>\n<li><a href=\".\/la-chute\/\">La chute<\/a><\/li>\n<\/ol>\n<\/td>\n<td style=\"text-align: center; vertical-align: top; width: 290px;\"><img decoding=\"async\" class=\"wp-image-28864 aligncenter\" src=\"https:\/\/joubjoub.fr\/wp-content\/uploads\/movies\/ed2006\/1001movies_ed2006.jpg\" alt=\"\" width=\"283\" height=\"360\" \/><\/td>\n<\/tr>\n<\/tbody>\n<\/table>\n","protected":false},"excerpt":{"rendered":"<p>Liste des 13\u00a0nouveaux films qui font leur entr\u00e9e dans cette nouvelle \u00e9dition : The Big Lebowski Bus 174 Nos meilleures ann\u00e9es Lost in Translation Sideways Un long dimanche de fian\u00e7ailles Mon nom est Tsotsi Le secret de Brokeback Mountain Va, vis et deviens Paradise Now Cach\u00e9 The Constant Gardener La chute<\/p>\n","protected":false},"author":1,"featured_media":0,"parent":0,"menu_order":0,"comment_status":"open","ping_status":"closed","template":"","meta":{"inline_featured_image":false,"footnotes":""},"class_list":["post-30158","page","type-page","status-publish","hentry"],"_links":{"self":[{"href":"https:\/\/joubjoub.fr\/1001films\/wp-json\/wp\/v2\/pages\/30158","targetHints":{"allow":["GET"]}}],"collection":[{"href":"https:\/\/joubjoub.fr\/1001films\/wp-json\/wp\/v2\/pages"}],"about":[{"href":"https:\/\/joubjoub.fr\/1001films\/wp-json\/wp\/v2\/types\/page"}],"author":[{"embeddable":true,"href":"https:\/\/joubjoub.fr\/1001films\/wp-json\/wp\/v2\/users\/1"}],"replies":[{"embeddable":true,"href":"https:\/\/joubjoub.fr\/1001films\/wp-json\/wp\/v2\/comments?post=30158"}],"version-history":[{"count":8,"href":"https:\/\/joubjoub.fr\/1001films\/wp-json\/wp\/v2\/pages\/30158\/revisions"}],"predecessor-version":[{"id":34641,"href":"https:\/\/joubjoub.fr\/1001films\/wp-json\/wp\/v2\/pages\/30158\/revisions\/34641"}],"wp:attachment":[{"href":"https:\/\/joubjoub.fr\/1001films\/wp-json\/wp\/v2\/media?parent=30158"}],"curies":[{"name":"wp","href":"https:\/\/api.w.org\/{rel}","templated":true}]}}