{"id":30202,"date":"2005-12-31T23:59:50","date_gmt":"2005-12-31T22:59:50","guid":{"rendered":"https:\/\/joubjoub.fr\/?page_id=30202"},"modified":"2023-06-25T21:30:32","modified_gmt":"2023-06-25T19:30:32","slug":"edition-2005","status":"publish","type":"page","link":"https:\/\/joubjoub.fr\/1001films\/edition-2005\/","title":{"rendered":"\u00c9dition 2005"},"content":{"rendered":"<table style=\"border-collapse: collapse; width: 100%;\">\n<tbody>\n<tr>\n<td style=\"text-align: left; vertical-align: top;\">Liste des <strong>15<\/strong>\u00a0nouveaux films qui font leur entr\u00e9e dans cette nouvelle \u00e9dition :<\/p>\n<ol>\n<li><a href=\".\/triple-assassinat-dans-le-suffolk\/\">Triple assassinat dans le Suffolk<\/a><\/li>\n<li><a href=\".\/muriel\/\">Muriel<\/a><\/li>\n<li><a href=\".\/priscilla-folle-du-desert\/\">Priscilla, folle du d\u00e9sert<\/a><\/li>\n<li><a href=\".\/shine\/\">Shine<\/a><\/li>\n<li><a href=\".\/le-seigneur-des-anneaux-les-deux-tours\/\">Le seigneur des anneaux : Les deux tours<\/a><\/li>\n<li><a href=\".\/le-seigneur-des-anneaux-le-retour-du-roi\/\">Le seigneur des anneaux : Le retour du roi<\/a><\/li>\n<li><a href=\".\/lantana\/\">Lantana<\/a><\/li>\n<li><a href=\".\/hero\/\">Hero<\/a><\/li>\n<li><a href=\".\/old-boy\/\">Old Boy<\/a><\/li>\n<li><a href=\".\/good-bye-lenin\/\">Good Bye Lenin!<\/a><\/li>\n<li><a href=\".\/fahrenheit-9-11\/\">Fahrenheit 9\/11<\/a><\/li>\n<li><a href=\".\/la-passion-du-christ\/\">La Passion du Christ<\/a><\/li>\n<li><a href=\".\/collateral\/\">Collat\u00e9ral<\/a><\/li>\n<li><a href=\".\/aviator\/\">Aviator<\/a><\/li>\n<li><a href=\".\/million-dollar-baby\/\">Million Dollar Baby<\/a><\/li>\n<\/ol>\n<\/td>\n<td style=\"text-align: center; vertical-align: top; width: 290px;\"><img decoding=\"async\" class=\"wp-image-28864 aligncenter\" src=\"https:\/\/joubjoub.fr\/wp-content\/uploads\/movies\/ed2005\/1001movies_ed2005_v1.jpg\" alt=\"\" width=\"283\" height=\"360\" \/><img decoding=\"async\" class=\"wp-image-28864 aligncenter\" src=\"https:\/\/joubjoub.fr\/wp-content\/uploads\/movies\/ed2005\/1001movies_ed2005_v2.jpg\" alt=\"\" width=\"283\" height=\"360\" \/><\/td>\n<\/tr>\n<\/tbody>\n<\/table>\n","protected":false},"excerpt":{"rendered":"<p>Liste des 15\u00a0nouveaux films qui font leur entr\u00e9e dans cette nouvelle \u00e9dition : Triple assassinat dans le Suffolk Muriel Priscilla, folle du d\u00e9sert Shine Le seigneur des anneaux : Les deux tours Le seigneur des anneaux : Le retour du roi Lantana Hero Old Boy Good Bye Lenin! Fahrenheit 9\/11 La Passion du Christ Collat\u00e9ral Aviator Million Dollar Baby<\/p>\n","protected":false},"author":1,"featured_media":0,"parent":0,"menu_order":0,"comment_status":"open","ping_status":"closed","template":"","meta":{"inline_featured_image":false,"footnotes":""},"class_list":["post-30202","page","type-page","status-publish","hentry"],"_links":{"self":[{"href":"https:\/\/joubjoub.fr\/1001films\/wp-json\/wp\/v2\/pages\/30202","targetHints":{"allow":["GET"]}}],"collection":[{"href":"https:\/\/joubjoub.fr\/1001films\/wp-json\/wp\/v2\/pages"}],"about":[{"href":"https:\/\/joubjoub.fr\/1001films\/wp-json\/wp\/v2\/types\/page"}],"author":[{"embeddable":true,"href":"https:\/\/joubjoub.fr\/1001films\/wp-json\/wp\/v2\/users\/1"}],"replies":[{"embeddable":true,"href":"https:\/\/joubjoub.fr\/1001films\/wp-json\/wp\/v2\/comments?post=30202"}],"version-history":[{"count":6,"href":"https:\/\/joubjoub.fr\/1001films\/wp-json\/wp\/v2\/pages\/30202\/revisions"}],"predecessor-version":[{"id":34643,"href":"https:\/\/joubjoub.fr\/1001films\/wp-json\/wp\/v2\/pages\/30202\/revisions\/34643"}],"wp:attachment":[{"href":"https:\/\/joubjoub.fr\/1001films\/wp-json\/wp\/v2\/media?parent=30202"}],"curies":[{"name":"wp","href":"https:\/\/api.w.org\/{rel}","templated":true}]}}