{"id":34649,"date":"2023-06-30T21:48:16","date_gmt":"2023-06-30T19:48:16","guid":{"rendered":"https:\/\/joubjoub.fr\/1001films\/?page_id=34649"},"modified":"2023-07-03T15:55:26","modified_gmt":"2023-07-03T13:55:26","slug":"contact","status":"publish","type":"page","link":"https:\/\/joubjoub.fr\/1001films\/contact\/","title":{"rendered":"\u00c0 propos"},"content":{"rendered":"<p><strong>Bienvenue sur mon site web d\u00e9di\u00e9 au livre <em>&ldquo;<span style=\"font-size: 14pt;\">1001 films \u00e0 voir avant de mourir<\/span>&rdquo;<\/em> de Steven Jay Schneider et \u00e0 ses nombreuses \u00e9ditions.<\/strong><\/p>\n<p>Ce livre recense les films les plus marquants de tous les temps, offrant une liste exhaustive qui embrasse divers genres, \u00e9poques et styles cin\u00e9matographiques.<\/p>\n<p>Si vous \u00eates passionn\u00e9 de cin\u00e9ma et que vous cherchez une source d&rsquo;inspiration pour d\u00e9couvrir les chefs-d&rsquo;\u0153uvre incontournables de l&rsquo;histoire du septi\u00e8me art, vous \u00eates au bon endroit.<\/p>\n<p>Dans ce site, je vous propose une plong\u00e9e fascinante dans les diff\u00e9rentes \u00e9ditions de ce livre, vous permettant ainsi d&rsquo;explorer les \u00e9volutions et les ajouts au fil du temps.<\/p>\n<p>Pr\u00e9parez-vous \u00e0 embarquer pour un voyage cin\u00e9matographique \u00e9poustouflant \u00e0 travers les <em>&ldquo;<strong>1001 films \u00e0 voir avant de mourir<\/strong>&rdquo;<\/em>.<\/p>\n<p>&nbsp;<\/p>\n<p style=\"text-align: center;\"><span style=\"font-size: 14pt;\"><strong><span role=\"img\" aria-label=\"\ud83d\udce8\">\ud83d\udce8\u00a0<\/span><a href=\"mailto:1001films@joubjoub.fr\">Jean-Marie J.<\/a><\/strong><\/span><\/p>\n<p><img decoding=\"async\" class=\"wp-image-34650 aligncenter\" src=\"https:\/\/joubjoub.fr\/1001films\/wp-content\/uploads\/sites\/3\/2023\/06\/komodo.webp\" alt=\"\" width=\"172\" height=\"114\" srcset=\"https:\/\/joubjoub.fr\/1001films\/wp-content\/uploads\/sites\/3\/2023\/06\/komodo.webp 1024w, https:\/\/joubjoub.fr\/1001films\/wp-content\/uploads\/sites\/3\/2023\/06\/komodo-300x199.webp 300w, https:\/\/joubjoub.fr\/1001films\/wp-content\/uploads\/sites\/3\/2023\/06\/komodo-150x99.webp 150w, https:\/\/joubjoub.fr\/1001films\/wp-content\/uploads\/sites\/3\/2023\/06\/komodo-768x509.webp 768w\" sizes=\"(max-width: 172px) 100vw, 172px\" \/><\/p>\n","protected":false},"excerpt":{"rendered":"<p>Bienvenue sur mon site web d\u00e9di\u00e9 au livre &ldquo;1001 films \u00e0 voir avant de mourir&rdquo; de Steven Jay Schneider et \u00e0 ses nombreuses \u00e9ditions. Ce livre recense les films les plus marquants de tous les temps, offrant une liste exhaustive qui embrasse divers genres, \u00e9poques et styles cin\u00e9matographiques. Si vous \u00eates passionn\u00e9 de cin\u00e9ma et que vous cherchez une source&#46;&#46;&#46;<\/p>\n","protected":false},"author":1,"featured_media":0,"parent":0,"menu_order":0,"comment_status":"closed","ping_status":"closed","template":"","meta":{"inline_featured_image":false,"footnotes":""},"class_list":["post-34649","page","type-page","status-publish","hentry"],"_links":{"self":[{"href":"https:\/\/joubjoub.fr\/1001films\/wp-json\/wp\/v2\/pages\/34649","targetHints":{"allow":["GET"]}}],"collection":[{"href":"https:\/\/joubjoub.fr\/1001films\/wp-json\/wp\/v2\/pages"}],"about":[{"href":"https:\/\/joubjoub.fr\/1001films\/wp-json\/wp\/v2\/types\/page"}],"author":[{"embeddable":true,"href":"https:\/\/joubjoub.fr\/1001films\/wp-json\/wp\/v2\/users\/1"}],"replies":[{"embeddable":true,"href":"https:\/\/joubjoub.fr\/1001films\/wp-json\/wp\/v2\/comments?post=34649"}],"version-history":[{"count":10,"href":"https:\/\/joubjoub.fr\/1001films\/wp-json\/wp\/v2\/pages\/34649\/revisions"}],"predecessor-version":[{"id":34676,"href":"https:\/\/joubjoub.fr\/1001films\/wp-json\/wp\/v2\/pages\/34649\/revisions\/34676"}],"wp:attachment":[{"href":"https:\/\/joubjoub.fr\/1001films\/wp-json\/wp\/v2\/media?parent=34649"}],"curies":[{"name":"wp","href":"https:\/\/api.w.org\/{rel}","templated":true}]}}