{"id":34827,"date":"2022-09-12T11:20:55","date_gmt":"2022-09-12T09:20:55","guid":{"rendered":"http:\/\/176.143.180.246\/wordpress\/?page_id=34827"},"modified":"2022-09-12T11:20:55","modified_gmt":"2022-09-12T09:20:55","slug":"episodes-vu-en-2007","status":"publish","type":"page","link":"https:\/\/joubjoub.fr\/blog\/?page_id=34827","title":{"rendered":"\u00c9pisodes vus en 2007"},"content":{"rendered":"<ul>\n<li><em><strong>Nombre de s\u00e9rie TV :<\/strong> 1<\/em>\n<ul>\n<li><span style=\"color: #000080\"><em>24 heures chrono<\/em><\/span> (Saison 3)<\/li>\n<li><span style=\"color: #000080\"><em>Lost : Les disparus<\/em><\/span> (Saison 1)<\/li>\n<\/ul>\n<\/li>\n<li><em><strong>Nombre d&rsquo;\u00e9pisodes vus :<\/strong> 49<\/em><\/li>\n<\/ul>\n<hr \/>\n<p><img decoding=\"async\" class=\"wp-image-31422 alignright\" src=\"https:\/\/joubjoub.fr\/wp-content\/uploads\/blog\/SeriesTV\/\/2007\/24 - S03 - Jour 3.jpg\" alt=\"\" \/><\/p>\n<p id=\"mctm1-2\" style=\"font-size: 24px\"><strong>24 heures chrono &#8211; Jour 3 \/ 9<\/strong><\/p>\n<p>Trois ans ont pass\u00e9 depuis la tentative d&rsquo;assassinat du Pr\u00e9sident Palmer. Jack Bauer vient de terminer une op\u00e9ration d&rsquo;infiltration dans le puissant cartel de la drogue mexicain des Salazar qui a permis l&rsquo;arrestation de son chef Ramon Salazar. Cependant, Jack apprend que le fr\u00e8re de Ramon, Hector, s&rsquo;appr\u00eate \u00e0 s&#8217;emparer d&rsquo;un dangereux virus mortel. Il d\u00e9cide alors de monter une ambitieuse op\u00e9ration secr\u00e8te afin de s&#8217;emparer du virus. Jack Bauer se retrouve entra\u00een\u00e9 dans une nouvelle course contre la montre&#8230;<\/p>\n<ul class=\"links\">\n<li><a title=\"24 - Jour 3 - S03.E01 - 13h00 - 14h00\" href=\"https:\/\/joubjoub.fr\/blog\/?p=34820\">24 &#8211; Jour 3 &#8211; S03.E01 &#8211; 13h00 &#8211; 14h00<\/a><\/li>\n<li><a title=\"24 - Jour 3 - S03.E02 - 14h00 - 15h00\" href=\"https:\/\/joubjoub.fr\/blog\/?p=34818\">24 &#8211; Jour 3 &#8211; S03.E02 &#8211; 14h00 &#8211; 15h00<\/a><\/li>\n<li><a title=\"24 - Jour 3 - S03.E03 - 15h00 - 16h00\" href=\"https:\/\/joubjoub.fr\/blog\/?p=34816\">24 &#8211; Jour 3 &#8211; S03.E03 &#8211; 15h00 &#8211; 16h00<\/a><\/li>\n<li><a title=\"24 - Jour 3 - S03.E04 - 16h00 - 17h00\" href=\"https:\/\/joubjoub.fr\/blog\/?p=34814\">24 &#8211; Jour 3 &#8211; S03.E04 &#8211; 16h00 &#8211; 17h00<\/a><\/li>\n<li><a title=\"24 - Jour 3 - S03.E05 - 17h00 - 18h00\" href=\"https:\/\/joubjoub.fr\/blog\/?p=34812\">24 &#8211; Jour 3 &#8211; S03.E05 &#8211; 17h00 &#8211; 18h00<\/a><\/li>\n<li><a title=\"24 - Jour 3 - S03.E06 - 18h00 - 19h00\" href=\"https:\/\/joubjoub.fr\/blog\/?p=34810\">24 &#8211; Jour 3 &#8211; S03.E06 &#8211; 18h00 &#8211; 19h00<\/a><\/li>\n<li><a title=\"24 - Jour 3 - S03.E07 - 19h00 - 20h00\" href=\"https:\/\/joubjoub.fr\/blog\/?p=34808\">24 &#8211; Jour 3 &#8211; S03.E07 &#8211; 19h00 &#8211; 20h00<\/a><\/li>\n<li><a title=\"24 - Jour 3 - S03.E08 - 20h00 - 21h00\" href=\"https:\/\/joubjoub.fr\/blog\/?p=34806\">24 &#8211; Jour 3 &#8211; S03.E08 &#8211; 20h00 &#8211; 21h00<\/a><\/li>\n<li><a title=\"24 - Jour 3 - S03.E09 - 21h00 - 22h00\" href=\"https:\/\/joubjoub.fr\/blog\/?p=34804\">24 &#8211; Jour 3 &#8211; S03.E09 &#8211; 21h00 &#8211; 22h00<\/a><\/li>\n<li><a title=\"24 - Jour 3 - S03.E10 - 22h00 - 23h00\" href=\"https:\/\/joubjoub.fr\/blog\/?p=34802\">24 &#8211; Jour 3 &#8211; S03.E10 &#8211; 22h00 &#8211; 23h00<\/a><\/li>\n<li><a title=\"24 - Jour 3 - S03.E11 - 23h00 - 00h00\" href=\"https:\/\/joubjoub.fr\/blog\/?p=34800\">24 &#8211; Jour 3 &#8211; S03.E11 &#8211; 23h00 &#8211; 00h00<\/a><\/li>\n<li><a title=\"24 - Jour 3 - S03.E12 - 00h00 - 01h00\" href=\"https:\/\/joubjoub.fr\/blog\/?p=34798\">24 &#8211; Jour 3 &#8211; S03.E12 &#8211; 00h00 &#8211; 01h00<\/a><\/li>\n<li><a title=\"24 - Jour 3 - S03.E13 - 01h00 - 02h00\" href=\"https:\/\/joubjoub.fr\/blog\/?p=34796\">24 &#8211; Jour 3 &#8211; S03.E13 &#8211; 01h00 &#8211; 02h00<\/a><\/li>\n<li><a title=\"24 - Jour 3 - S03.E14 - 02h00 - 03h00\" href=\"https:\/\/joubjoub.fr\/blog\/?p=34794\">24 &#8211; Jour 3 &#8211; S03.E14 &#8211; 02h00 &#8211; 03h00<\/a><\/li>\n<li><a title=\"24 - Jour 3 - S03.E15 - 03h00 - 04h00\" href=\"https:\/\/joubjoub.fr\/blog\/?p=34792\">24 &#8211; Jour 3 &#8211; S03.E15 &#8211; 03h00 &#8211; 04h00<\/a><\/li>\n<li><a title=\"24 - Jour 3 - S03.E16 - 04h00 - 05h00\" href=\"https:\/\/joubjoub.fr\/blog\/?p=34790\">24 &#8211; Jour 3 &#8211; S03.E16 &#8211; 04h00 &#8211; 05h00<\/a><\/li>\n<li><a title=\"24 - Jour 3 - S03.E17 - 05h00 - 06h00\" href=\"https:\/\/joubjoub.fr\/blog\/?p=34788\">24 &#8211; Jour 3 &#8211; S03.E17 &#8211; 05h00 &#8211; 06h00<\/a><\/li>\n<li><a title=\"24 - Jour 3 - S03.E18 - 06h00 - 07h00\" href=\"https:\/\/joubjoub.fr\/blog\/?p=34786\">24 &#8211; Jour 3 &#8211; S03.E18 &#8211; 06h00 &#8211; 07h00<\/a><\/li>\n<li><a title=\"24 - Jour 3 - S03.E19 - 07h00 - 08h00\" href=\"https:\/\/joubjoub.fr\/blog\/?p=34784\">24 &#8211; Jour 3 &#8211; S03.E19 &#8211; 07h00 &#8211; 08h00<\/a><\/li>\n<li><a title=\"24 - Jour 3 - S03.E20 - 08h00 - 09h00\" href=\"https:\/\/joubjoub.fr\/blog\/?p=34782\">24 &#8211; Jour 3 &#8211; S03.E20 &#8211; 08h00 &#8211; 09h00<\/a><\/li>\n<li><a title=\"24 - Jour 3 - S03.E21 - 09h00 - 10h00\" href=\"https:\/\/joubjoub.fr\/blog\/?p=34780\">24 &#8211; Jour 3 &#8211; S03.E21 &#8211; 09h00 &#8211; 10h00<\/a><\/li>\n<li><a title=\"24 - Jour 3 - S03.E22 - 10h00 - 11h00\" href=\"https:\/\/joubjoub.fr\/blog\/?p=34778\">24 &#8211; Jour 3 &#8211; S03.E22 &#8211; 10h00 &#8211; 11h00<\/a><\/li>\n<li><a title=\"24 - Jour 3 - S03.E23 - 11h00 - 12h00\" href=\"https:\/\/joubjoub.fr\/blog\/?p=34776\">24 &#8211; Jour 3 &#8211; S03.E23 &#8211; 11h00 &#8211; 12h00<\/a><\/li>\n<li><a title=\"24 - Jour 3 - S03.E24 - 12h00 - 13h00\" href=\"https:\/\/joubjoub.fr\/blog\/?p=34774\">24 &#8211; Jour 3 &#8211; S03.E24 &#8211; 12h00 &#8211; 13h00<\/a><\/li>\n<\/ul>\n<hr \/>\n<p><img decoding=\"async\" class=\"wp-image-31422 alignright\" src=\"https:\/\/joubjoub.fr\/wp-content\/uploads\/blog\/SeriesTV\/\/2007\/Lost - S01.jpg\" alt=\"\" \/><\/p>\n<p id=\"mctm1-2\" style=\"font-size: 24px\"><strong>Lost : Les disparus &#8211; Saison 1 \/ 6<\/strong><\/p>\n<p>\u00c0 la suite d&rsquo;un accident d&rsquo;avion, les passagers survivants du vol Oceanic 815 \u00e9chouent sur une \u00eele tropicale apparemment d\u00e9serte, contraignant le groupe d&rsquo;\u00e9trangers \u00e0 travailler ensemble pour rester en vie. Leur survie est menac\u00e9e par des entit\u00e9s myst\u00e9rieuses, notamment un \u00ab monstre \u00bb qui r\u00f4de dans la jungle, ainsi que d&rsquo;autres habitants de l&rsquo;\u00eele, qu&rsquo;ils appellent les \u00ab Autres \u00bb.<\/p>\n<ul class=\"links\">\n<li><a title=\"Lost - S01.E01 - Le r\u00e9veil (1\/2)\" href=\"https:\/\/joubjoub.fr\/blog\/?p=36098\">Lost &#8211; S01.E01 &#8211; Le r\u00e9veil (1\/2)<\/a><\/li>\n<li><a title=\"Lost - S01.E02 - Le r\u00e9veil (2\/2)\" href=\"https:\/\/joubjoub.fr\/blog\/?p=36100\">Lost &#8211; S01.E02 &#8211; Le r\u00e9veil (2\/2)<\/a><\/li>\n<li><a title=\"Lost - S01.E03 - Le nouveau d\u00e9part\" href=\"https:\/\/joubjoub.fr\/blog\/?p=36102\">Lost &#8211; S01.E03 &#8211; Le nouveau d\u00e9part<\/a><\/li>\n<li><a title=\"Lost - S01.E04 - Les pieds sur terre\" href=\"https:\/\/joubjoub.fr\/blog\/?p=36104\">Lost &#8211; S01.E04 &#8211; Les pieds sur terre<\/a><\/li>\n<li><a title=\"Lost - S01.E05 - \u00c0 la recherche du p\u00e8re\" href=\"https:\/\/joubjoub.fr\/blog\/?p=36106\">Lost &#8211; S01.E05 &#8211; \u00c0 la recherche du p\u00e8re<\/a><\/li>\n<li><a title=\"Lost - S01.E06 - Regard vers l'ouest\" href=\"https:\/\/joubjoub.fr\/blog\/?p=36108\">Lost &#8211; S01.E06 &#8211; Regard vers l&rsquo;ouest<\/a><\/li>\n<li><a title=\"Lost - S01.E07 - Le papillon de nuit\" href=\"https:\/\/joubjoub.fr\/blog\/?p=36110\">Lost &#8211; S01.E07 &#8211; Le papillon de nuit<\/a><\/li>\n<li><a title=\"Lost - S01.E08 - Transfert d\u2019identit\u00e9\" href=\"https:\/\/joubjoub.fr\/blog\/?p=36112\">Lost &#8211; S01.E08 &#8211; Transfert d\u2019identit\u00e9<\/a><\/li>\n<li><a title=\"Lost - S01.E09 - Le choix du soldat\" href=\"https:\/\/joubjoub.fr\/blog\/?p=36114\">Lost &#8211; S01.E09 &#8211; Le choix du soldat<\/a><\/li>\n<li><a title=\"Lost - S01.E10 - La force du destin\" href=\"https:\/\/joubjoub.fr\/blog\/?p=36116\">Lost &#8211; S01.E10 &#8211; La force du destin<\/a><\/li>\n<li><a title=\"Lost - S01.E11 - Les d\u00e9mons int\u00e9rieurs\" href=\"https:\/\/joubjoub.fr\/blog\/?p=36118\">Lost &#8211; S01.E11 &#8211; Les d\u00e9mons int\u00e9rieurs<\/a><\/li>\n<li><a title=\"Lost - S01.E12 - L'objet de tous les d\u00e9sirs\" href=\"https:\/\/joubjoub.fr\/blog\/?p=36120\">Lost &#8211; S01.E12 &#8211; L&rsquo;objet de tous les d\u00e9sirs<\/a><\/li>\n<li><a title=\"Lost - S01.E13 - Le c\u0153ur a ses raisons\" href=\"https:\/\/joubjoub.fr\/blog\/?p=36122\">Lost &#8211; S01.E13 &#8211; Le c\u0153ur a ses raisons<\/a><\/li>\n<li><a title=\"Lost - S01.E14 - Au nom du fils\" href=\"https:\/\/joubjoub.fr\/blog\/?p=36124\">Lost &#8211; S01.E14 &#8211; Au nom du fils<\/a><\/li>\n<li><a title=\"Lost - S01.E15 - \u00c0 la d\u00e9rive\" href=\"https:\/\/joubjoub.fr\/blog\/?p=36126\">Lost &#8211; S01.E15 &#8211; \u00c0 la d\u00e9rive<\/a><\/li>\n<li><a title=\"Lost - S01.E16 - Le prix de la vengeance\" href=\"https:\/\/joubjoub.fr\/blog\/?p=36128\">Lost &#8211; S01.E16 &#8211; Le prix de la vengeance<\/a><\/li>\n<li><a title=\"Lost - S01.E17 - Le mur du silence\" href=\"https:\/\/joubjoub.fr\/blog\/?p=36130\">Lost &#8211; S01.E17 &#8211; Le mur du silence<\/a><\/li>\n<li><a title=\"Lost - S01.E18 - La loi des nombres\" href=\"https:\/\/joubjoub.fr\/blog\/?p=36132\">Lost &#8211; S01.E18 &#8211; La loi des nombres<\/a><\/li>\n<li><a title=\"Lost - S01.E19 - Tomb\u00e9 du ciel\" href=\"https:\/\/joubjoub.fr\/blog\/?p=36134\">Lost &#8211; S01.E19 &#8211; Tomb\u00e9 du ciel<\/a><\/li>\n<li><a title=\"Lost - S01.E20 - Pour le meilleur et pour le pire\" href=\"https:\/\/joubjoub.fr\/blog\/?p=36136\">Lost &#8211; S01.E20 &#8211; Pour le meilleur et pour le pire<\/a><\/li>\n<li><a title=\"Lost - S01.E21 - Elle ou lui\" href=\"https:\/\/joubjoub.fr\/blog\/?p=36138\">Lost &#8211; S01.E21 &#8211; Elle ou lui<\/a><\/li>\n<li><a title=\"Lost - S01.E22 - \u00c9ternelle fugitive\" href=\"https:\/\/joubjoub.fr\/blog\/?p=36140\">Lost &#8211; S01.E22 &#8211; \u00c9ternelle fugitive<\/a><\/li>\n<li><a title=\"Lost - S01.E23 - L\u2019exode (1\/3)\" href=\"https:\/\/joubjoub.fr\/blog\/?p=36142\">Lost &#8211; S01.E23 &#8211; L\u2019exode (1\/3)<\/a><\/li>\n<li><a title=\"Lost - S01.E24 - L\u2019exode (2\/3)\" href=\"https:\/\/joubjoub.fr\/blog\/?p=36144\">Lost &#8211; S01.E24 &#8211; L\u2019exode (2\/3)<\/a><\/li>\n<li><a title=\"Lost - S01.E25 - L\u2019exode (2\/3)\" href=\"https:\/\/joubjoub.fr\/blog\/?p=36146\">Lost &#8211; S01.E25 &#8211; L\u2019exode (2\/3)<\/a><\/li>\n<\/ul>\n","protected":false},"excerpt":{"rendered":"<p>Nombre de s\u00e9rie TV : 1 24 heures chrono (Saison 3) Lost : Les disparus (Saison 1) Nombre d&rsquo;\u00e9pisodes vus : 49 24 heures chrono &#8211; Jour 3 \/ 9 Trois ans ont pass\u00e9 depuis la tentative d&rsquo;assassinat du Pr\u00e9sident Palmer. Jack Bauer vient de terminer une op\u00e9ration d&rsquo;infiltration dans le puissant cartel de la drogue mexicain des Salazar qui a permis l&rsquo;arrestation de son&#46;&#46;&#46;<\/p>\n","protected":false},"author":1,"featured_media":0,"parent":0,"menu_order":0,"comment_status":"closed","ping_status":"closed","template":"","meta":{"inline_featured_image":false,"footnotes":""},"class_list":["post-34827","page","type-page","status-publish","hentry"],"_links":{"self":[{"href":"https:\/\/joubjoub.fr\/blog\/index.php?rest_route=\/wp\/v2\/pages\/34827","targetHints":{"allow":["GET"]}}],"collection":[{"href":"https:\/\/joubjoub.fr\/blog\/index.php?rest_route=\/wp\/v2\/pages"}],"about":[{"href":"https:\/\/joubjoub.fr\/blog\/index.php?rest_route=\/wp\/v2\/types\/page"}],"author":[{"embeddable":true,"href":"https:\/\/joubjoub.fr\/blog\/index.php?rest_route=\/wp\/v2\/users\/1"}],"replies":[{"embeddable":true,"href":"https:\/\/joubjoub.fr\/blog\/index.php?rest_route=%2Fwp%2Fv2%2Fcomments&post=34827"}],"version-history":[{"count":0,"href":"https:\/\/joubjoub.fr\/blog\/index.php?rest_route=\/wp\/v2\/pages\/34827\/revisions"}],"wp:attachment":[{"href":"https:\/\/joubjoub.fr\/blog\/index.php?rest_route=%2Fwp%2Fv2%2Fmedia&parent=34827"}],"curies":[{"name":"wp","href":"https:\/\/api.w.org\/{rel}","templated":true}]}}