{"id":36191,"date":"2022-09-19T23:23:11","date_gmt":"2022-09-19T21:23:11","guid":{"rendered":"http:\/\/176.143.180.246\/wordpress\/?page_id=36191"},"modified":"2022-09-19T23:23:11","modified_gmt":"2022-09-19T21:23:11","slug":"episodes-vus-en-2009","status":"publish","type":"page","link":"https:\/\/joubjoub.fr\/blog\/?page_id=36191","title":{"rendered":"\u00c9pisodes vus en 2009"},"content":{"rendered":"<ul>\n<li><em><strong>Nombre de s\u00e9rie TV :<\/strong> 1<\/em>\n<ul>\n<li><em><span style=\"color: #000080\">Battlestar Galactica<\/span><\/em> (Saisons 3 et 4)<\/li>\n<\/ul>\n<\/li>\n<li><em><strong>Nombre d&rsquo;\u00e9pisodes vus :<\/strong> 41<\/em><\/li>\n<\/ul>\n<hr \/>\n<p><img decoding=\"async\" class=\"wp-image-31422 alignright\" src=\"https:\/\/joubjoub.fr\/wp-content\/uploads\/blog\/SeriesTV\/2009\/Battlestar Galactica - S03.jpg\" alt=\"\" \/><\/p>\n<p id=\"mctm1-2\" style=\"font-size: 24px\"><strong>Battlestar Galactica\u00a0&#8211; Saison 3 \/ 4<\/strong><\/p>\n<p>New Caprica est envahie par les Cylons. Le nouveau pr\u00e9sident, Ga\u00efus Baltar, est contraint de se rendre et de mettre en place une politique de collaboration avec l&rsquo;ennemi. La population d\u00e9cide de r\u00e9agir en formant un groupe de r\u00e9sistance pour attaquer les Cylons. Pendant ce temps, le Galactica, toujours en orbite, s&rsquo;interroge sur la meilleure fa\u00e7on de venir en aide \u00e0 ses semblable.<\/p>\n<ul class=\"links\">\n<li><a title=\"Battlestar Galactica - S03.E01 - Mission suicide\" href=\"https:\/\/joubjoub.fr\/blog\/?p=36150\">Battlestar Galactica &#8211; S03.E01 &#8211; Mission suicide<\/a><\/li>\n<li><a title=\"Battlestar Galactica - S03.E02 - La grande rafle\" href=\"https:\/\/joubjoub.fr\/blog\/?p=36152\">Battlestar Galactica &#8211; S03.E02 &#8211; La grande rafle<\/a><\/li>\n<li><a title=\"Battlestar Galactica - S03.E03 - Exode (1\/2)\" href=\"https:\/\/joubjoub.fr\/blog\/?p=36154\">Battlestar Galactica &#8211; S03.E03 &#8211; Exode (1\/2)<\/a><\/li>\n<li><a title=\"Battlestar Galactica - S03.E04 - Exode (2\/2)\" href=\"https:\/\/joubjoub.fr\/blog\/?p=36156\">Battlestar Galactica &#8211; S03.E04 &#8211; Exode (2\/2)<\/a><\/li>\n<li><a title=\"Battlestar Galactica - S03.E05 - Le cercle\" href=\"https:\/\/joubjoub.fr\/blog\/?p=36158\">Battlestar Galactica &#8211; S03.E05 &#8211; Le cercle<\/a><\/li>\n<li><a title=\"Battlestar Galactica - S03.E06 - La t\u00eate de lion\" href=\"https:\/\/joubjoub.fr\/blog\/?p=36161\">Battlestar Galactica &#8211; S03.E06 &#8211; La t\u00eate de lion<\/a><\/li>\n<li><a title=\"Battlestar Galactica - S03.E07 - La balise\" href=\"https:\/\/joubjoub.fr\/blog\/?p=36163\">Battlestar Galactica &#8211; S03.E07 &#8211; La balise<\/a><\/li>\n<li><a title=\"Battlestar Galactica - S03.E08 - H\u00e9ros\" href=\"https:\/\/joubjoub.fr\/blog\/?p=36165\">Battlestar Galactica &#8211; S03.E08 &#8211; H\u00e9ros<\/a><\/li>\n<li><a title=\"Battlestar Galactica - S03.E09 - Le grand combat\" href=\"https:\/\/joubjoub.fr\/blog\/?p=36167\">Battlestar Galactica &#8211; S03.E09 &#8211; Le grand combat<\/a><\/li>\n<li><a title=\"Battlestar Galactica - S03.E10 - Le passage\" href=\"https:\/\/joubjoub.fr\/blog\/?p=36169\">Battlestar Galactica &#8211; S03.E10 &#8211; Le passage<\/a><\/li>\n<li><a title=\"Battlestar Galactica - S03.E11 - L'\u0152il de Jupiter\" href=\"https:\/\/joubjoub.fr\/blog\/?p=36171\">Battlestar Galactica &#8211; S03.E11 &#8211; L&rsquo;\u0152il de Jupiter<\/a><\/li>\n<li><a title=\"Battlestar Galactica - S03.E12 - Extase\" href=\"https:\/\/joubjoub.fr\/blog\/?p=36173\">Battlestar Galactica &#8211; S03.E12 &#8211; Extase<\/a><\/li>\n<li><a title=\"Battlestar Galactica - S03.E13 - L'interrogatoire\" href=\"https:\/\/joubjoub.fr\/blog\/?p=36175\">Battlestar Galactica &#8211; S03.E13 &#8211; L&rsquo;interrogatoire<\/a><\/li>\n<li><a title=\"Battlestar Galactica - S03.E14 - Les Sagitarrons\" href=\"https:\/\/joubjoub.fr\/blog\/?p=36177\">Battlestar Galactica &#8211; S03.E14 &#8211; Les Sagitarrons<\/a><\/li>\n<li><a title=\"Battlestar Galactica - S03.E15 - Un jour particulier\" href=\"https:\/\/joubjoub.fr\/blog\/?p=36179\">Battlestar Galactica &#8211; S03.E15 &#8211; Un jour particulier<\/a><\/li>\n<li><a title=\"Battlestar Galactica - S03.E16 - Gr\u00e8ve g\u00e9n\u00e9rale\" href=\"https:\/\/joubjoub.fr\/blog\/?p=36181\">Battlestar Galactica &#8211; S03.E16 &#8211; Gr\u00e8ve g\u00e9n\u00e9rale<\/a><\/li>\n<li><a title=\"Battlestar Galactica - S03.E17 - Ouragan\" href=\"https:\/\/joubjoub.fr\/blog\/?p=36183\">Battlestar Galactica &#8211; S03.E17 &#8211; Ouragan<\/a><\/li>\n<li><a title=\"Battlestar Galactica - S03.E18 - L'affrontement\" href=\"https:\/\/joubjoub.fr\/blog\/?p=36185\">Battlestar Galactica &#8211; S03.E18 &#8211; L&rsquo;affrontement<\/a><\/li>\n<li><a title=\"Battlestar Galactica - S03.E19 - Croisements (1\/2)\" href=\"https:\/\/joubjoub.fr\/blog\/?p=36187\">Battlestar Galactica &#8211; S03.E19 &#8211; Croisements (1\/2)<\/a><\/li>\n<li><a title=\"Battlestar Galactica - S03.E20 - Croisements (2\/2)\" href=\"https:\/\/joubjoub.fr\/blog\/?p=36189\">Battlestar Galactica &#8211; S03.E20 &#8211; Croisements (2\/2)<\/a><\/li>\n<\/ul>\n<hr \/>\n<p><img decoding=\"async\" class=\"wp-image-31422 alignright\" src=\"https:\/\/joubjoub.fr\/wp-content\/uploads\/blog\/SeriesTV\/2009\/Battlestar Galactica - S04.jpg\" alt=\"\" \/><\/p>\n<p id=\"mctm1-2\" style=\"font-size: 24px\"><strong>Battlestar Galactica &#8211; Saison 4 \/ 4<\/strong><\/p>\n<p>Les derniers survivants de l&rsquo;humanit\u00e9 poursuivent leur qu\u00eate d&rsquo;une treizi\u00e8me colonie tandis que les Cylons, ces robots en constante \u00e9volution, ne sont jamais bien loin. L&rsquo;\u00e9quipage du Galactica tente d&rsquo;expliquer l&rsquo;inexplicable, secou\u00e9 par le retour aussi soudain que myst\u00e9rieux de Starbuck qui clame haut et fort qu&rsquo;elle conna\u00eet la Terre.<\/p>\n<ul class=\"links\">\n<li><a title=\"Battlestar Galactica - S04.E01 - Celui qui croit en moi\" href=\"https:\/\/joubjoub.fr\/blog\/?p=36194\">Battlestar Galactica &#8211; S04.E01 &#8211; Celui qui croit en moi<\/a><\/li>\n<li><a title=\"Battlestar Galactica - S04.E02 - Lobotomie\" href=\"https:\/\/joubjoub.fr\/blog\/?p=36196\">Battlestar Galactica &#8211; S04.E02 &#8211; Lobotomie<\/a><\/li>\n<li><a title=\"Battlestar Galactica - S04.E03 - Les liens de la contrainte\" href=\"https:\/\/joubjoub.fr\/blog\/?p=36198\">Battlestar Galactica &#8211; S04.E03 &#8211; Les liens de la contrainte<\/a><\/li>\n<li><a title=\"Battlestar Galactica - S04.E04 - La fuite\" href=\"https:\/\/joubjoub.fr\/blog\/?p=36200\">Battlestar Galactica &#8211; S04.E04 &#8211; La fuite<\/a><\/li>\n<li><a title=\"Battlestar Galactica - S04.E05 - Mutinerie\" href=\"https:\/\/joubjoub.fr\/blog\/?p=36202\">Battlestar Galactica &#8211; S04.E05 &#8211; Mutinerie<\/a><\/li>\n<li><a title=\"Battlestar Galactica - S04.E06 - La foi\" href=\"https:\/\/joubjoub.fr\/blog\/?p=36204\">Battlestar Galactica &#8211; S04.E06 &#8211; La foi<\/a><\/li>\n<li><a title=\"Battlestar Galactica - S04.E07 - La tr\u00eave\" href=\"https:\/\/joubjoub.fr\/blog\/?p=36206\">Battlestar Galactica &#8211; S04.E07 &#8211; La tr\u00eave<\/a><\/li>\n<li><a title=\"Battlestar Galactica - S04.E08 - Prise de pouvoir\" href=\"https:\/\/joubjoub.fr\/blog\/?p=36208\">Battlestar Galactica &#8211; S04.E08 &#8211; Prise de pouvoir<\/a><\/li>\n<li><a title=\"Battlestar Galactica - S04.E09 - Plan d\u2019attaque\" href=\"https:\/\/joubjoub.fr\/blog\/?p=36210\">Battlestar Galactica &#8211; S04.E09 &#8211; Plan d\u2019attaque<\/a><\/li>\n<li><a title=\"Battlestar Galactica - S04.E10 - Otages en danger\" href=\"https:\/\/joubjoub.fr\/blog\/?p=36212\">Battlestar Galactica &#8211; S04.E10 &#8211; Otages en danger<\/a><\/li>\n<li><a title=\"Battlestar Galactica - S04.E11 - D\u00e9ception\" href=\"https:\/\/joubjoub.fr\/blog\/?p=36214\">Battlestar Galactica &#8211; S04.E11 &#8211; D\u00e9ception<\/a><\/li>\n<li><a title=\"Battlestar Galactica - S04.E12 - La motion de Zarek\" href=\"https:\/\/joubjoub.fr\/blog\/?p=36216\">Battlestar Galactica &#8211; S04.E12 &#8211; La motion de Zarek<\/a><\/li>\n<li><a title=\"Battlestar Galactica - S04.E13 - Le serment\" href=\"https:\/\/joubjoub.fr\/blog\/?p=36218\">Battlestar Galactica &#8211; S04.E13 &#8211; Le serment<\/a><\/li>\n<li><a title=\"Battlestar Galactica - S04.E14 - Un bain de sang\" href=\"https:\/\/joubjoub.fr\/blog\/?p=36220\">Battlestar Galactica &#8211; S04.E14 &#8211; Un bain de sang<\/a><\/li>\n<li><a title=\"Battlestar Galactica - S04.E15 - Sans issue\" href=\"https:\/\/joubjoub.fr\/blog\/?p=36222\">Battlestar Galactica &#8211; S04.E15 &#8211; Sans issue<\/a><\/li>\n<li><a title=\"Battlestar Galactica - S04.E16 - Le retour de Gaius\" href=\"https:\/\/joubjoub.fr\/blog\/?p=36224\">Battlestar Galactica &#8211; S04.E16 &#8211; Le retour de Gaius<\/a><\/li>\n<li><a title=\"Battlestar Galactica - S04.E17 - Quelqu'un pour veiller sur moi\" href=\"https:\/\/joubjoub.fr\/blog\/?p=36226\">Battlestar Galactica &#8211; S04.E17 &#8211; Quelqu&rsquo;un pour veiller sur moi<\/a><\/li>\n<li><a title=\"Battlestar Galactica - S04.E18 - La naissance d'un ange\" href=\"https:\/\/joubjoub.fr\/blog\/?p=36228\">Battlestar Galactica &#8211; S04.E18 &#8211; La naissance d&rsquo;un ange<\/a><\/li>\n<li><a title=\"Battlestar Galactica - S04.E19 - La m\u00e8re de l'Humanit\u00e9 (1\/3)\" href=\"https:\/\/joubjoub.fr\/blog\/?p=36230\">Battlestar Galactica &#8211; S04.E19 &#8211; La m\u00e8re de l&rsquo;Humanit\u00e9 (1\/3)<\/a><\/li>\n<li><a title=\"Battlestar Galactica - S04.E20 - La m\u00e8re de l'Humanit\u00e9 (2\/3)\" href=\"https:\/\/joubjoub.fr\/blog\/?p=36232\">Battlestar Galactica &#8211; S04.E20 &#8211; La m\u00e8re de l&rsquo;Humanit\u00e9 (2\/3)<\/a><\/li>\n<li><a title=\"Battlestar Galactica - S04.E21 - La m\u00e8re de l'Humanit\u00e9 (3\/3)\" href=\"https:\/\/joubjoub.fr\/blog\/?p=36234\">Battlestar Galactica &#8211; S04.E21 &#8211; La m\u00e8re de l&rsquo;Humanit\u00e9 (3\/3)<\/a><\/li>\n<\/ul>\n","protected":false},"excerpt":{"rendered":"<p>Nombre de s\u00e9rie TV : 1 Battlestar Galactica (Saisons 3 et 4) Nombre d&rsquo;\u00e9pisodes vus : 41 Battlestar Galactica\u00a0&#8211; Saison 3 \/ 4 New Caprica est envahie par les Cylons. Le nouveau pr\u00e9sident, Ga\u00efus Baltar, est contraint de se rendre et de mettre en place une politique de collaboration avec l&rsquo;ennemi. La population d\u00e9cide de r\u00e9agir en formant un groupe de r\u00e9sistance pour attaquer les&#46;&#46;&#46;<\/p>\n","protected":false},"author":1,"featured_media":0,"parent":0,"menu_order":0,"comment_status":"closed","ping_status":"closed","template":"","meta":{"inline_featured_image":false,"footnotes":""},"class_list":["post-36191","page","type-page","status-publish","hentry"],"_links":{"self":[{"href":"https:\/\/joubjoub.fr\/blog\/index.php?rest_route=\/wp\/v2\/pages\/36191","targetHints":{"allow":["GET"]}}],"collection":[{"href":"https:\/\/joubjoub.fr\/blog\/index.php?rest_route=\/wp\/v2\/pages"}],"about":[{"href":"https:\/\/joubjoub.fr\/blog\/index.php?rest_route=\/wp\/v2\/types\/page"}],"author":[{"embeddable":true,"href":"https:\/\/joubjoub.fr\/blog\/index.php?rest_route=\/wp\/v2\/users\/1"}],"replies":[{"embeddable":true,"href":"https:\/\/joubjoub.fr\/blog\/index.php?rest_route=%2Fwp%2Fv2%2Fcomments&post=36191"}],"version-history":[{"count":0,"href":"https:\/\/joubjoub.fr\/blog\/index.php?rest_route=\/wp\/v2\/pages\/36191\/revisions"}],"wp:attachment":[{"href":"https:\/\/joubjoub.fr\/blog\/index.php?rest_route=%2Fwp%2Fv2%2Fmedia&parent=36191"}],"curies":[{"name":"wp","href":"https:\/\/api.w.org\/{rel}","templated":true}]}}